{"id":2054,"date":"2020-10-18T15:23:53","date_gmt":"2020-10-18T13:23:53","guid":{"rendered":"http:\/\/spontane-photo.ovh\/?page_id=2054"},"modified":"2020-10-18T15:35:21","modified_gmt":"2020-10-18T13:35:21","slug":"les-meteores-grece","status":"publish","type":"page","link":"https:\/\/spontane-photo.ovh\/index.php\/les-meteores-grece\/","title":{"rendered":"Les M\u00e9t\u00e9ores &#8211; Gr\u00e8ce"},"content":{"rendered":"\n<div class=\"wp-block-image\"><figure class=\"aligncenter\"><img loading=\"lazy\" decoding=\"async\" width=\"567\" height=\"352\" src=\"http:\/\/spontane-photo.ovh\/wp-content\/uploads\/2020\/10\/M10.jpg\" alt=\"\" class=\"wp-image-2055\" srcset=\"https:\/\/spontane-photo.ovh\/wp-content\/uploads\/2020\/10\/M10.jpg 567w, https:\/\/spontane-photo.ovh\/wp-content\/uploads\/2020\/10\/M10-300x186.jpg 300w\" sizes=\"auto, (max-width: 567px) 100vw, 567px\" \/><\/figure><\/div>\n\n\n\n<p><\/p>\n\n\n\n<!-- default-view.php -->\n<div\n\tclass=\"ngg-galleryoverview default-view \"\n\tid=\"ngg-gallery-d981ba1f0d796d47ac6000b4ce8e8096-1\">\n\n\t\t<!-- Thumbnails -->\n\t\t\t\t<div id=\"ngg-image-0\" class=\"ngg-gallery-thumbnail-box ngg-3-columns\" >\n\t\t\t\t        <div class=\"ngg-gallery-thumbnail\">\n            <a href=\"https:\/\/spontane-photo.ovh\/wp-content\/gallery\/meteores\/M10.jpg\"\n               title=\"\"\n               data-src=\"https:\/\/spontane-photo.ovh\/wp-content\/gallery\/meteores\/M10.jpg\"\n               data-thumbnail=\"https:\/\/spontane-photo.ovh\/wp-content\/gallery\/meteores\/thumbs\/thumbs_M10.jpg\"\n               data-image-id=\"725\"\n               data-title=\"M10\"\n               data-description=\"\"\n               data-image-slug=\"m10-2\"\n               class=\"ngg-simplelightbox\" rel=\"d981ba1f0d796d47ac6000b4ce8e8096\">\n                <img\n                    title=\"M10\"\n                    alt=\"M10\"\n                    src=\"https:\/\/spontane-photo.ovh\/wp-content\/gallery\/meteores\/thumbs\/thumbs_M10.jpg\"\n                    width=\"240\"\n                    height=\"160\"\n                    style=\"max-width:100%;\"\n                \/>\n            <\/a>\n        <\/div>\n\t\t\t\t\t\t\t<\/div> \n\t\t\t\n\t\t\t\t<div id=\"ngg-image-1\" class=\"ngg-gallery-thumbnail-box ngg-3-columns\" >\n\t\t\t\t        <div class=\"ngg-gallery-thumbnail\">\n            <a href=\"https:\/\/spontane-photo.ovh\/wp-content\/gallery\/meteores\/M12.jpg\"\n               title=\"\"\n               data-src=\"https:\/\/spontane-photo.ovh\/wp-content\/gallery\/meteores\/M12.jpg\"\n               data-thumbnail=\"https:\/\/spontane-photo.ovh\/wp-content\/gallery\/meteores\/thumbs\/thumbs_M12.jpg\"\n               data-image-id=\"713\"\n               data-title=\"M12\"\n               data-description=\"\"\n               data-image-slug=\"m12\"\n               class=\"ngg-simplelightbox\" rel=\"d981ba1f0d796d47ac6000b4ce8e8096\">\n                <img\n                    title=\"M12\"\n                    alt=\"M12\"\n                    src=\"https:\/\/spontane-photo.ovh\/wp-content\/gallery\/meteores\/thumbs\/thumbs_M12.jpg\"\n                    width=\"240\"\n                    height=\"160\"\n                    style=\"max-width:100%;\"\n                \/>\n            <\/a>\n        <\/div>\n\t\t\t\t\t\t\t<\/div> \n\t\t\t\n\t\t\t\t<div id=\"ngg-image-2\" class=\"ngg-gallery-thumbnail-box ngg-3-columns\" >\n\t\t\t\t        <div class=\"ngg-gallery-thumbnail\">\n            <a href=\"https:\/\/spontane-photo.ovh\/wp-content\/gallery\/meteores\/M7.jpg\"\n               title=\"\"\n               data-src=\"https:\/\/spontane-photo.ovh\/wp-content\/gallery\/meteores\/M7.jpg\"\n               data-thumbnail=\"https:\/\/spontane-photo.ovh\/wp-content\/gallery\/meteores\/thumbs\/thumbs_M7.jpg\"\n               data-image-id=\"718\"\n               data-title=\"M7\"\n               data-description=\"\"\n               data-image-slug=\"m7\"\n               class=\"ngg-simplelightbox\" rel=\"d981ba1f0d796d47ac6000b4ce8e8096\">\n                <img\n                    title=\"M7\"\n                    alt=\"M7\"\n                    src=\"https:\/\/spontane-photo.ovh\/wp-content\/gallery\/meteores\/thumbs\/thumbs_M7.jpg\"\n                    width=\"240\"\n                    height=\"160\"\n                    style=\"max-width:100%;\"\n                \/>\n            <\/a>\n        <\/div>\n\t\t\t\t\t\t\t<\/div> \n\t\t\t\n\t\t\t\t<div id=\"ngg-image-3\" class=\"ngg-gallery-thumbnail-box ngg-3-columns\" >\n\t\t\t\t        <div class=\"ngg-gallery-thumbnail\">\n            <a href=\"https:\/\/spontane-photo.ovh\/wp-content\/gallery\/meteores\/M6.jpg\"\n               title=\"\"\n               data-src=\"https:\/\/spontane-photo.ovh\/wp-content\/gallery\/meteores\/M6.jpg\"\n               data-thumbnail=\"https:\/\/spontane-photo.ovh\/wp-content\/gallery\/meteores\/thumbs\/thumbs_M6.jpg\"\n               data-image-id=\"719\"\n               data-title=\"M6\"\n               data-description=\"\"\n               data-image-slug=\"m6\"\n               class=\"ngg-simplelightbox\" rel=\"d981ba1f0d796d47ac6000b4ce8e8096\">\n                <img\n                    title=\"M6\"\n                    alt=\"M6\"\n                    src=\"https:\/\/spontane-photo.ovh\/wp-content\/gallery\/meteores\/thumbs\/thumbs_M6.jpg\"\n                    width=\"240\"\n                    height=\"160\"\n                    style=\"max-width:100%;\"\n                \/>\n            <\/a>\n        <\/div>\n\t\t\t\t\t\t\t<\/div> \n\t\t\t\n\t\t\t\t<div id=\"ngg-image-4\" class=\"ngg-gallery-thumbnail-box ngg-3-columns\" >\n\t\t\t\t        <div class=\"ngg-gallery-thumbnail\">\n            <a href=\"https:\/\/spontane-photo.ovh\/wp-content\/gallery\/meteores\/M5.jpg\"\n               title=\"\"\n               data-src=\"https:\/\/spontane-photo.ovh\/wp-content\/gallery\/meteores\/M5.jpg\"\n               data-thumbnail=\"https:\/\/spontane-photo.ovh\/wp-content\/gallery\/meteores\/thumbs\/thumbs_M5.jpg\"\n               data-image-id=\"720\"\n               data-title=\"M5\"\n               data-description=\"\"\n               data-image-slug=\"m5\"\n               class=\"ngg-simplelightbox\" rel=\"d981ba1f0d796d47ac6000b4ce8e8096\">\n                <img\n                    title=\"M5\"\n                    alt=\"M5\"\n                    src=\"https:\/\/spontane-photo.ovh\/wp-content\/gallery\/meteores\/thumbs\/thumbs_M5.jpg\"\n                    width=\"240\"\n                    height=\"160\"\n                    style=\"max-width:100%;\"\n                \/>\n            <\/a>\n        <\/div>\n\t\t\t\t\t\t\t<\/div> \n\t\t\t\n\t\t\t\t<div id=\"ngg-image-5\" class=\"ngg-gallery-thumbnail-box ngg-3-columns\" >\n\t\t\t\t        <div class=\"ngg-gallery-thumbnail\">\n            <a href=\"https:\/\/spontane-photo.ovh\/wp-content\/gallery\/meteores\/M3.jpg\"\n               title=\"\"\n               data-src=\"https:\/\/spontane-photo.ovh\/wp-content\/gallery\/meteores\/M3.jpg\"\n               data-thumbnail=\"https:\/\/spontane-photo.ovh\/wp-content\/gallery\/meteores\/thumbs\/thumbs_M3.jpg\"\n               data-image-id=\"722\"\n               data-title=\"M3\"\n               data-description=\"\"\n               data-image-slug=\"m3\"\n               class=\"ngg-simplelightbox\" rel=\"d981ba1f0d796d47ac6000b4ce8e8096\">\n                <img\n                    title=\"M3\"\n                    alt=\"M3\"\n                    src=\"https:\/\/spontane-photo.ovh\/wp-content\/gallery\/meteores\/thumbs\/thumbs_M3.jpg\"\n                    width=\"240\"\n                    height=\"160\"\n                    style=\"max-width:100%;\"\n                \/>\n            <\/a>\n        <\/div>\n\t\t\t\t\t\t\t<\/div> \n\t\t\t\n\t\t\t\t<div id=\"ngg-image-6\" class=\"ngg-gallery-thumbnail-box ngg-3-columns\" >\n\t\t\t\t        <div class=\"ngg-gallery-thumbnail\">\n            <a href=\"https:\/\/spontane-photo.ovh\/wp-content\/gallery\/meteores\/M2.jpg\"\n               title=\"\"\n               data-src=\"https:\/\/spontane-photo.ovh\/wp-content\/gallery\/meteores\/M2.jpg\"\n               data-thumbnail=\"https:\/\/spontane-photo.ovh\/wp-content\/gallery\/meteores\/thumbs\/thumbs_M2.jpg\"\n               data-image-id=\"723\"\n               data-title=\"M2\"\n               data-description=\"\"\n               data-image-slug=\"m2\"\n               class=\"ngg-simplelightbox\" rel=\"d981ba1f0d796d47ac6000b4ce8e8096\">\n                <img\n                    title=\"M2\"\n                    alt=\"M2\"\n                    src=\"https:\/\/spontane-photo.ovh\/wp-content\/gallery\/meteores\/thumbs\/thumbs_M2.jpg\"\n                    width=\"240\"\n                    height=\"160\"\n                    style=\"max-width:100%;\"\n                \/>\n            <\/a>\n        <\/div>\n\t\t\t\t\t\t\t<\/div> \n\t\t\t\n\t\t\t\t<div id=\"ngg-image-7\" class=\"ngg-gallery-thumbnail-box ngg-3-columns\" >\n\t\t\t\t        <div class=\"ngg-gallery-thumbnail\">\n            <a href=\"https:\/\/spontane-photo.ovh\/wp-content\/gallery\/meteores\/M4.jpg\"\n               title=\"\"\n               data-src=\"https:\/\/spontane-photo.ovh\/wp-content\/gallery\/meteores\/M4.jpg\"\n               data-thumbnail=\"https:\/\/spontane-photo.ovh\/wp-content\/gallery\/meteores\/thumbs\/thumbs_M4.jpg\"\n               data-image-id=\"721\"\n               data-title=\"M4\"\n               data-description=\"\"\n               data-image-slug=\"m4\"\n               class=\"ngg-simplelightbox\" rel=\"d981ba1f0d796d47ac6000b4ce8e8096\">\n                <img\n                    title=\"M4\"\n                    alt=\"M4\"\n                    src=\"https:\/\/spontane-photo.ovh\/wp-content\/gallery\/meteores\/thumbs\/thumbs_M4.jpg\"\n                    width=\"240\"\n                    height=\"160\"\n                    style=\"max-width:100%;\"\n                \/>\n            <\/a>\n        <\/div>\n\t\t\t\t\t\t\t<\/div> \n\t\t\t\n\t\t\t\t<div id=\"ngg-image-8\" class=\"ngg-gallery-thumbnail-box ngg-3-columns\" >\n\t\t\t\t        <div class=\"ngg-gallery-thumbnail\">\n            <a href=\"https:\/\/spontane-photo.ovh\/wp-content\/gallery\/meteores\/M9.jpg\"\n               title=\"\"\n               data-src=\"https:\/\/spontane-photo.ovh\/wp-content\/gallery\/meteores\/M9.jpg\"\n               data-thumbnail=\"https:\/\/spontane-photo.ovh\/wp-content\/gallery\/meteores\/thumbs\/thumbs_M9.jpg\"\n               data-image-id=\"714\"\n               data-title=\"M9\"\n               data-description=\"\"\n               data-image-slug=\"m9\"\n               class=\"ngg-simplelightbox\" rel=\"d981ba1f0d796d47ac6000b4ce8e8096\">\n                <img\n                    title=\"M9\"\n                    alt=\"M9\"\n                    src=\"https:\/\/spontane-photo.ovh\/wp-content\/gallery\/meteores\/thumbs\/thumbs_M9.jpg\"\n                    width=\"240\"\n                    height=\"160\"\n                    style=\"max-width:100%;\"\n                \/>\n            <\/a>\n        <\/div>\n\t\t\t\t\t\t\t<\/div> \n\t\t\t\n\t\t\t\t<div id=\"ngg-image-9\" class=\"ngg-gallery-thumbnail-box ngg-3-columns\" >\n\t\t\t\t        <div class=\"ngg-gallery-thumbnail\">\n            <a href=\"https:\/\/spontane-photo.ovh\/wp-content\/gallery\/meteores\/M11.jpg\"\n               title=\"\"\n               data-src=\"https:\/\/spontane-photo.ovh\/wp-content\/gallery\/meteores\/M11.jpg\"\n               data-thumbnail=\"https:\/\/spontane-photo.ovh\/wp-content\/gallery\/meteores\/thumbs\/thumbs_M11.jpg\"\n               data-image-id=\"716\"\n               data-title=\"M11\"\n               data-description=\"\"\n               data-image-slug=\"m11\"\n               class=\"ngg-simplelightbox\" rel=\"d981ba1f0d796d47ac6000b4ce8e8096\">\n                <img\n                    title=\"M11\"\n                    alt=\"M11\"\n                    src=\"https:\/\/spontane-photo.ovh\/wp-content\/gallery\/meteores\/thumbs\/thumbs_M11.jpg\"\n                    width=\"240\"\n                    height=\"160\"\n                    style=\"max-width:100%;\"\n                \/>\n            <\/a>\n        <\/div>\n\t\t\t\t\t\t\t<\/div> \n\t\t\t\n\t\t\t\t<div id=\"ngg-image-10\" class=\"ngg-gallery-thumbnail-box ngg-3-columns\" >\n\t\t\t\t        <div class=\"ngg-gallery-thumbnail\">\n            <a href=\"https:\/\/spontane-photo.ovh\/wp-content\/gallery\/meteores\/M13.jpg\"\n               title=\"\"\n               data-src=\"https:\/\/spontane-photo.ovh\/wp-content\/gallery\/meteores\/M13.jpg\"\n               data-thumbnail=\"https:\/\/spontane-photo.ovh\/wp-content\/gallery\/meteores\/thumbs\/thumbs_M13.jpg\"\n               data-image-id=\"717\"\n               data-title=\"M13\"\n               data-description=\"\"\n               data-image-slug=\"m13\"\n               class=\"ngg-simplelightbox\" rel=\"d981ba1f0d796d47ac6000b4ce8e8096\">\n                <img\n                    title=\"M13\"\n                    alt=\"M13\"\n                    src=\"https:\/\/spontane-photo.ovh\/wp-content\/gallery\/meteores\/thumbs\/thumbs_M13.jpg\"\n                    width=\"240\"\n                    height=\"160\"\n                    style=\"max-width:100%;\"\n                \/>\n            <\/a>\n        <\/div>\n\t\t\t\t\t\t\t<\/div> \n\t\t\t\n\t\t\t\t<div id=\"ngg-image-11\" class=\"ngg-gallery-thumbnail-box ngg-3-columns\" >\n\t\t\t\t        <div class=\"ngg-gallery-thumbnail\">\n            <a href=\"https:\/\/spontane-photo.ovh\/wp-content\/gallery\/meteores\/M14.jpg\"\n               title=\"\"\n               data-src=\"https:\/\/spontane-photo.ovh\/wp-content\/gallery\/meteores\/M14.jpg\"\n               data-thumbnail=\"https:\/\/spontane-photo.ovh\/wp-content\/gallery\/meteores\/thumbs\/thumbs_M14.jpg\"\n               data-image-id=\"712\"\n               data-title=\"M14\"\n               data-description=\"\"\n               data-image-slug=\"m14\"\n               class=\"ngg-simplelightbox\" rel=\"d981ba1f0d796d47ac6000b4ce8e8096\">\n                <img\n                    title=\"M14\"\n                    alt=\"M14\"\n                    src=\"https:\/\/spontane-photo.ovh\/wp-content\/gallery\/meteores\/thumbs\/thumbs_M14.jpg\"\n                    width=\"240\"\n                    height=\"160\"\n                    style=\"max-width:100%;\"\n                \/>\n            <\/a>\n        <\/div>\n\t\t\t\t\t\t\t<\/div> \n\t\t\t\n\t\t\t\t<div id=\"ngg-image-12\" class=\"ngg-gallery-thumbnail-box ngg-3-columns\" >\n\t\t\t\t        <div class=\"ngg-gallery-thumbnail\">\n            <a href=\"https:\/\/spontane-photo.ovh\/wp-content\/gallery\/meteores\/M1.jpg\"\n               title=\"\"\n               data-src=\"https:\/\/spontane-photo.ovh\/wp-content\/gallery\/meteores\/M1.jpg\"\n               data-thumbnail=\"https:\/\/spontane-photo.ovh\/wp-content\/gallery\/meteores\/thumbs\/thumbs_M1.jpg\"\n               data-image-id=\"724\"\n               data-title=\"M1\"\n               data-description=\"\"\n               data-image-slug=\"m1\"\n               class=\"ngg-simplelightbox\" rel=\"d981ba1f0d796d47ac6000b4ce8e8096\">\n                <img\n                    title=\"M1\"\n                    alt=\"M1\"\n                    src=\"https:\/\/spontane-photo.ovh\/wp-content\/gallery\/meteores\/thumbs\/thumbs_M1.jpg\"\n                    width=\"240\"\n                    height=\"160\"\n                    style=\"max-width:100%;\"\n                \/>\n            <\/a>\n        <\/div>\n\t\t\t\t\t\t\t<\/div> \n\t\t\t\n\t\n\t<br style=\"clear: both\" \/>\n\n\t\n\t\t<!-- Pagination -->\n\t<div class='ngg-clear'><\/div>\t<\/div>\n\n","protected":false},"excerpt":{"rendered":"","protected":false},"author":1,"featured_media":0,"parent":0,"menu_order":0,"comment_status":"closed","ping_status":"closed","template":"","meta":{"ngg_post_thumbnail":0,"footnotes":""},"class_list":["post-2054","page","type-page","status-publish","hentry"],"_links":{"self":[{"href":"https:\/\/spontane-photo.ovh\/index.php\/wp-json\/wp\/v2\/pages\/2054","targetHints":{"allow":["GET"]}}],"collection":[{"href":"https:\/\/spontane-photo.ovh\/index.php\/wp-json\/wp\/v2\/pages"}],"about":[{"href":"https:\/\/spontane-photo.ovh\/index.php\/wp-json\/wp\/v2\/types\/page"}],"author":[{"embeddable":true,"href":"https:\/\/spontane-photo.ovh\/index.php\/wp-json\/wp\/v2\/users\/1"}],"replies":[{"embeddable":true,"href":"https:\/\/spontane-photo.ovh\/index.php\/wp-json\/wp\/v2\/comments?post=2054"}],"version-history":[{"count":3,"href":"https:\/\/spontane-photo.ovh\/index.php\/wp-json\/wp\/v2\/pages\/2054\/revisions"}],"predecessor-version":[{"id":2090,"href":"https:\/\/spontane-photo.ovh\/index.php\/wp-json\/wp\/v2\/pages\/2054\/revisions\/2090"}],"wp:attachment":[{"href":"https:\/\/spontane-photo.ovh\/index.php\/wp-json\/wp\/v2\/media?parent=2054"}],"curies":[{"name":"wp","href":"https:\/\/api.w.org\/{rel}","templated":true}]}}